{"id":31,"date":"2020-04-13T11:18:52","date_gmt":"2020-04-13T14:18:52","guid":{"rendered":"https:\/\/conexaovibracionalterapias.com.br\/?page_id=31"},"modified":"2021-06-23T12:38:37","modified_gmt":"2021-06-23T15:38:37","slug":"sobre","status":"publish","type":"page","link":"https:\/\/conexaovibracionalterapias.com.br\/?page_id=31","title":{"rendered":"Sobre"},"content":{"rendered":"\t\t<div data-elementor-type=\"wp-page\" data-elementor-id=\"31\" class=\"elementor elementor-31\">\n\t\t\t\t\t\t\t\t\t<section class=\"elementor-section elementor-top-section elementor-element elementor-element-5131a13e elementor-section-boxed elementor-section-height-default elementor-section-height-default\" data-id=\"5131a13e\" data-element_type=\"section\" data-settings=\"{&quot;background_background&quot;:&quot;classic&quot;}\">\n\t\t\t\t\t\t\t<div class=\"elementor-background-overlay\"><\/div>\n\t\t\t\t\t\t\t<div class=\"elementor-container elementor-column-gap-default\">\n\t\t\t\t\t<div class=\"elementor-column elementor-col-100 elementor-top-column elementor-element elementor-element-cd89d78\" data-id=\"cd89d78\" data-element_type=\"column\">\n\t\t\t<div class=\"elementor-widget-wrap\">\n\t\t\t\t\t\t\t\t\t<\/div>\n\t\t<\/div>\n\t\t\t\t\t\t\t<\/div>\n\t\t<\/section>\n\t\t\t\t<section class=\"elementor-section elementor-top-section elementor-element elementor-element-40177ae0 elementor-section-boxed elementor-section-height-default elementor-section-height-default\" data-id=\"40177ae0\" data-element_type=\"section\" data-settings=\"{&quot;background_background&quot;:&quot;classic&quot;}\">\n\t\t\t\t\t\t<div class=\"elementor-container elementor-column-gap-no\">\n\t\t\t\t\t<div class=\"elementor-column elementor-col-50 elementor-top-column elementor-element elementor-element-2828f573\" data-id=\"2828f573\" data-element_type=\"column\">\n\t\t\t<div class=\"elementor-widget-wrap elementor-element-populated\">\n\t\t\t\t\t\t\t\t<div class=\"elementor-element elementor-element-d62f3fb elementor-widget elementor-widget-image\" data-id=\"d62f3fb\" data-element_type=\"widget\" data-widget_type=\"image.default\">\n\t\t\t\t<div class=\"elementor-widget-container\">\n\t\t\t\t\t\t\t\t\t\t\t\t\t\t\t<img decoding=\"async\" loading=\"lazy\" width=\"442\" height=\"663\" src=\"https:\/\/conexaovibracionalterapias.com.br\/wp-content\/uploads\/2021\/06\/IMG_9081-Copy-1.jpg\" class=\"attachment-medium_large size-medium_large wp-image-882\" alt=\"\" srcset=\"https:\/\/conexaovibracionalterapias.com.br\/wp-content\/uploads\/2021\/06\/IMG_9081-Copy-1.jpg 442w, https:\/\/conexaovibracionalterapias.com.br\/wp-content\/uploads\/2021\/06\/IMG_9081-Copy-1-200x300.jpg 200w\" sizes=\"(max-width: 442px) 100vw, 442px\" \/>\t\t\t\t\t\t\t\t\t\t\t\t\t\t\t<\/div>\n\t\t\t\t<\/div>\n\t\t\t\t\t<\/div>\n\t\t<\/div>\n\t\t\t\t<div class=\"elementor-column elementor-col-50 elementor-top-column elementor-element elementor-element-48096891\" data-id=\"48096891\" data-element_type=\"column\">\n\t\t\t<div class=\"elementor-widget-wrap elementor-element-populated\">\n\t\t\t\t\t\t\t\t<div class=\"elementor-element elementor-element-e56ab06 elementor-widget elementor-widget-text-editor\" data-id=\"e56ab06\" data-element_type=\"widget\" data-widget_type=\"text-editor.default\">\n\t\t\t\t<div class=\"elementor-widget-container\">\n\t\t\t\t\t\t\t<p>Minha jornada como terapeuta vibracional iniciou em 2002 e ao longo desses anos me aperfei\u00e7oei em v\u00e1rias t\u00e9cnicas de cura como, Reike, Renascimento, Florais de Bach, Cura Qu\u00e2ntica Estelar,Being Limitless, Tons Pineais, Cura Eletr\u00f4nica, Acces Consciousness, Thetahealing, T.R.F. e Mesa Radi\u00f4nica.\u00a0 Durante este tempo aplicando estas t\u00e9cnicas observei que atitudes como o perd\u00e3o e o sentimento de amor nos colocam num estado de plena criatividade e alegria liberando nossa consci\u00eancia para um estado mais equilibrado e pleno.<\/p>\t\t\t\t\t\t<\/div>\n\t\t\t\t<\/div>\n\t\t\t\t<div class=\"elementor-element elementor-element-41a203d elementor-widget elementor-widget-text-editor\" data-id=\"41a203d\" data-element_type=\"widget\" data-widget_type=\"text-editor.default\">\n\t\t\t\t<div class=\"elementor-widget-container\">\n\t\t\t\t\t\t\t<p>A plenitude do ser chega quando nos permitimos reconhecer nossa maestria.<\/p>\t\t\t\t\t\t<\/div>\n\t\t\t\t<\/div>\n\t\t\t\t<div class=\"elementor-element elementor-element-4ec76f84 elementor-widget elementor-widget-heading\" data-id=\"4ec76f84\" data-element_type=\"widget\" data-widget_type=\"heading.default\">\n\t\t\t\t<div class=\"elementor-widget-container\">\n\t\t\t<h3 class=\"elementor-heading-title elementor-size-medium\">C\u00e9lia Seguro<\/h3>\t\t<\/div>\n\t\t\t\t<\/div>\n\t\t\t\t\t<\/div>\n\t\t<\/div>\n\t\t\t\t\t\t\t<\/div>\n\t\t<\/section>\n\t\t\t\t\t\t\t<\/div>\n\t\t","protected":false},"excerpt":{"rendered":"<p>Minha jornada como terapeuta vibracional iniciou em 2002 e ao longo desses anos me aperfei\u00e7oei em v\u00e1rias t\u00e9cnicas de cura como, Reike, Renascimento, Florais de Bach, Cura Qu\u00e2ntica Estelar,Being Limitless, Tons Pineais, Cura Eletr\u00f4nica, Acces Consciousness, Thetahealing, T.R.F. e Mesa Radi\u00f4nica.\u00a0 Durante este tempo aplicando estas t\u00e9cnicas observei que atitudes como o perd\u00e3o e o &hellip;<\/p>\n<p class=\"read-more\"> <a class=\"\" href=\"https:\/\/conexaovibracionalterapias.com.br\/?page_id=31\"> <span class=\"screen-reader-text\">Sobre<\/span> Leia mais &raquo;<\/a><\/p>\n","protected":false},"author":1,"featured_media":0,"parent":0,"menu_order":0,"comment_status":"closed","ping_status":"closed","template":"","meta":{"site-sidebar-layout":"no-sidebar","site-content-layout":"page-builder","ast-site-content-layout":"","site-content-style":"default","site-sidebar-style":"default","ast-global-header-display":"","ast-banner-title-visibility":"","ast-main-header-display":"","ast-hfb-above-header-display":"","ast-hfb-below-header-display":"","ast-hfb-mobile-header-display":"","site-post-title":"disabled","ast-breadcrumbs-content":"","ast-featured-img":"","footer-sml-layout":"","theme-transparent-header-meta":"enabled","adv-header-id-meta":"","stick-header-meta":"","header-above-stick-meta":"","header-main-stick-meta":"","header-below-stick-meta":"","astra-migrate-meta-layouts":"","footnotes":""},"_links":{"self":[{"href":"https:\/\/conexaovibracionalterapias.com.br\/index.php?rest_route=\/wp\/v2\/pages\/31"}],"collection":[{"href":"https:\/\/conexaovibracionalterapias.com.br\/index.php?rest_route=\/wp\/v2\/pages"}],"about":[{"href":"https:\/\/conexaovibracionalterapias.com.br\/index.php?rest_route=\/wp\/v2\/types\/page"}],"author":[{"embeddable":true,"href":"https:\/\/conexaovibracionalterapias.com.br\/index.php?rest_route=\/wp\/v2\/users\/1"}],"replies":[{"embeddable":true,"href":"https:\/\/conexaovibracionalterapias.com.br\/index.php?rest_route=%2Fwp%2Fv2%2Fcomments&post=31"}],"version-history":[{"count":70,"href":"https:\/\/conexaovibracionalterapias.com.br\/index.php?rest_route=\/wp\/v2\/pages\/31\/revisions"}],"predecessor-version":[{"id":898,"href":"https:\/\/conexaovibracionalterapias.com.br\/index.php?rest_route=\/wp\/v2\/pages\/31\/revisions\/898"}],"wp:attachment":[{"href":"https:\/\/conexaovibracionalterapias.com.br\/index.php?rest_route=%2Fwp%2Fv2%2Fmedia&parent=31"}],"curies":[{"name":"wp","href":"https:\/\/api.w.org\/{rel}","templated":true}]}}